{"id":2925,"date":"2024-07-08T15:11:17","date_gmt":"2024-07-08T15:11:17","guid":{"rendered":"https:\/\/landeck-schule.de\/?page_id=2925"},"modified":"2024-07-08T15:18:25","modified_gmt":"2024-07-08T15:18:25","slug":"lernbegleitung-gesucht","status":"publish","type":"page","link":"https:\/\/landeck-schule.de\/?page_id=2925","title":{"rendered":"Unterst\u00fctzung gesucht"},"content":{"rendered":"\t\t<div data-elementor-type=\"wp-page\" data-elementor-id=\"2925\" class=\"elementor elementor-2925\">\n\t\t\t\t\t\t<section class=\"elementor-section elementor-top-section elementor-element elementor-element-2803887 elementor-section-boxed elementor-section-height-default elementor-section-height-default\" data-id=\"2803887\" data-element_type=\"section\" data-e-type=\"section\">\n\t\t\t\t\t\t<div class=\"elementor-container elementor-column-gap-default\">\n\t\t\t\t\t<div class=\"elementor-column elementor-col-100 elementor-top-column elementor-element elementor-element-ac8859a\" data-id=\"ac8859a\" data-element_type=\"column\" data-e-type=\"column\">\n\t\t\t<div class=\"elementor-widget-wrap elementor-element-populated\">\n\t\t\t\t\t\t<div class=\"elementor-element elementor-element-bc36d80 elementor-widget elementor-widget-heading\" data-id=\"bc36d80\" data-element_type=\"widget\" data-e-type=\"widget\" data-widget_type=\"heading.default\">\n\t\t\t\t<div class=\"elementor-widget-container\">\n\t\t\t\t\t<h2 class=\"elementor-heading-title elementor-size-default\">Unterst\u00fctzung gesucht<\/h2>\t\t\t\t<\/div>\n\t\t\t\t<\/div>\n\t\t\t\t\t<\/div>\n\t\t<\/div>\n\t\t\t\t\t<\/div>\n\t\t<\/section>\n\t\t\t\t<section class=\"elementor-section elementor-top-section elementor-element elementor-element-648ace8 elementor-section-boxed elementor-section-height-default elementor-section-height-default\" data-id=\"648ace8\" data-element_type=\"section\" data-e-type=\"section\">\n\t\t\t\t\t\t<div class=\"elementor-container elementor-column-gap-default\">\n\t\t\t\t\t<div class=\"elementor-column elementor-col-100 elementor-top-column elementor-element elementor-element-018dc4c\" data-id=\"018dc4c\" data-element_type=\"column\" data-e-type=\"column\">\n\t\t\t<div class=\"elementor-widget-wrap elementor-element-populated\">\n\t\t\t\t\t\t<section class=\"elementor-section elementor-inner-section elementor-element elementor-element-628bb16 elementor-section-boxed elementor-section-height-default elementor-section-height-default\" data-id=\"628bb16\" data-element_type=\"section\" data-e-type=\"section\">\n\t\t\t\t\t\t<div class=\"elementor-container elementor-column-gap-default\">\n\t\t\t\t\t<div class=\"elementor-column elementor-col-100 elementor-inner-column elementor-element elementor-element-21e44be\" data-id=\"21e44be\" data-element_type=\"column\" data-e-type=\"column\">\n\t\t\t<div class=\"elementor-widget-wrap elementor-element-populated\">\n\t\t\t\t\t\t<div class=\"elementor-element elementor-element-b7cb576 elementor-widget elementor-widget-heading\" data-id=\"b7cb576\" data-element_type=\"widget\" data-e-type=\"widget\" data-widget_type=\"heading.default\">\n\t\t\t\t<div class=\"elementor-widget-container\">\n\t\t\t\t\t<h4 class=\"elementor-heading-title elementor-size-default\">Ehrenamtliche Lernbegleitung gesucht<\/h4>\t\t\t\t<\/div>\n\t\t\t\t<\/div>\n\t\t\t\t<div class=\"elementor-element elementor-element-8ad64a4 elementor-widget elementor-widget-text-editor\" data-id=\"8ad64a4\" data-element_type=\"widget\" data-e-type=\"widget\" data-widget_type=\"text-editor.default\">\n\t\t\t\t<div class=\"elementor-widget-container\">\n\t\t\t\t\t\t\t\t\t<p>Eine seit Jahren wachsende Anzahl von Kindern in Deutschland und somit auch bei uns in Bad Krozingen erreicht nicht mehr die grundlegenden Basisf\u00e4higkeiten im Lesen, Schreiben und Sprechen. Die weitere Bildungs- und Lebensbiografie dieser Kinder droht dadurch empfindlich beeintr\u00e4chtigt zu werden. Die Landeck-Schule hat sich deswegen zum Ziel gesetzt dieser Entwicklung mit Wucht entgegenzutreten. Wir haben uns daher dem Projekt \u201eBildung durch Sprache und Schrift (BiSS)\u201c verschrieben. BiSS ist eine Initiative von Bund und L\u00e4ndern mit dem Ziel einer wissenschaftlich fundierten Sprach- und Lesef\u00f6rderung unserer Kinder (n\u00e4here Infos finden Sie unter <a href=\"https:\/\/landeck-schule.de\/?page_id=2465\" target=\"_blank\" rel=\"noopener\">BISS<\/a>). Um diesem Ziel, ganz konkret, noch n\u00e4her zu kommen, suchen wir zum kommenden Schuljahr dringend B\u00fcrgerinnen und B\u00fcrger, die Freude daran haben unsere Kinder auf ihrem Bildungsweg mitzubegleiten und diesen zu unterst\u00fctzen. Wenn Sie verl\u00e4sslich am Vormittag etwas Zeit und Lust haben, laden wir Sie ein, unseren Kindern z.B. vorzulesen oder durch unsere Kinder vorgelesen zu bekommen. Gemeinsames Spielen, z.B. von Gesellschaftsspielen, kann zur F\u00f6rderung der Sprachbildung einen gro\u00dfen Beitrag liefern. Sind Sie eher am Nachmittag bereit, unterst\u00fctzen Sie Kinder von uns gerne bei den Hausaufgaben oder beim Lernen.<\/p><p>Nehmen Sie bei Interesse unbedingt Kontakt mit uns auf.<\/p><p>Telefonisch unter 07633 9271-0 oder<\/p><p>per Email an <a href=\"mailto:poststelle@svc.landeck-schule.de\">poststelle@svc.landeck-schule.de<\/a><\/p>\t\t\t\t\t\t\t\t<\/div>\n\t\t\t\t<\/div>\n\t\t\t\t\t<\/div>\n\t\t<\/div>\n\t\t\t\t\t<\/div>\n\t\t<\/section>\n\t\t\t\t<section class=\"elementor-section elementor-inner-section elementor-element elementor-element-4345a8b elementor-section-boxed elementor-section-height-default elementor-section-height-default\" data-id=\"4345a8b\" data-element_type=\"section\" data-e-type=\"section\">\n\t\t\t\t\t\t<div class=\"elementor-container elementor-column-gap-default\">\n\t\t\t\t\t<div class=\"elementor-column elementor-col-100 elementor-inner-column elementor-element elementor-element-72fec44\" data-id=\"72fec44\" data-element_type=\"column\" data-e-type=\"column\">\n\t\t\t<div class=\"elementor-widget-wrap\">\n\t\t\t\t\t\t\t<\/div>\n\t\t<\/div>\n\t\t\t\t\t<\/div>\n\t\t<\/section>\n\t\t\t\t\t<\/div>\n\t\t<\/div>\n\t\t\t\t\t<\/div>\n\t\t<\/section>\n\t\t\t\t<\/div>\n\t\t","protected":false},"excerpt":{"rendered":"<p>Unterst\u00fctzung gesucht Ehrenamtliche Lernbegleitung gesucht Eine seit Jahren wachsende Anzahl von Kindern in Deutschland und somit auch bei uns in Bad Krozingen erreicht nicht mehr die grundlegenden Basisf\u00e4higkeiten im Lesen, [&hellip;]<\/p>\n","protected":false},"author":6,"featured_media":0,"parent":0,"menu_order":0,"comment_status":"closed","ping_status":"closed","template":"","meta":{"site-sidebar-layout":"no-sidebar","site-content-layout":"page-builder","ast-site-content-layout":"full-width-container","site-content-style":"unboxed","site-sidebar-style":"unboxed","ast-global-header-display":"","ast-banner-title-visibility":"","ast-main-header-display":"","ast-hfb-above-header-display":"","ast-hfb-below-header-display":"","ast-hfb-mobile-header-display":"","site-post-title":"disabled","ast-breadcrumbs-content":"","ast-featured-img":"disabled","footer-sml-layout":"","ast-disable-related-posts":"","theme-transparent-header-meta":"","adv-header-id-meta":"","stick-header-meta":"","header-above-stick-meta":"","header-main-stick-meta":"","header-below-stick-meta":"","astra-migrate-meta-layouts":"set","ast-page-background-enabled":"default","ast-page-background-meta":{"desktop":{"background-color":"var(--ast-global-color-4)","background-image":"","background-repeat":"repeat","background-position":"center center","background-size":"auto","background-attachment":"scroll","background-type":"","background-media":"","overlay-type":"","overlay-color":"","overlay-opacity":"","overlay-gradient":""},"tablet":{"background-color":"","background-image":"","background-repeat":"repeat","background-position":"center center","background-size":"auto","background-attachment":"scroll","background-type":"","background-media":"","overlay-type":"","overlay-color":"","overlay-opacity":"","overlay-gradient":""},"mobile":{"background-color":"","background-image":"","background-repeat":"repeat","background-position":"center center","background-size":"auto","background-attachment":"scroll","background-type":"","background-media":"","overlay-type":"","overlay-color":"","overlay-opacity":"","overlay-gradient":""}},"ast-content-background-meta":{"desktop":{"background-color":"var(--ast-global-color-5)","background-image":"","background-repeat":"repeat","background-position":"center center","background-size":"auto","background-attachment":"scroll","background-type":"","background-media":"","overlay-type":"","overlay-color":"","overlay-opacity":"","overlay-gradient":""},"tablet":{"background-color":"var(--ast-global-color-5)","background-image":"","background-repeat":"repeat","background-position":"center center","background-size":"auto","background-attachment":"scroll","background-type":"","background-media":"","overlay-type":"","overlay-color":"","overlay-opacity":"","overlay-gradient":""},"mobile":{"background-color":"var(--ast-global-color-5)","background-image":"","background-repeat":"repeat","background-position":"center center","background-size":"auto","background-attachment":"scroll","background-type":"","background-media":"","overlay-type":"","overlay-color":"","overlay-opacity":"","overlay-gradient":""}},"footnotes":""},"class_list":["post-2925","page","type-page","status-publish","hentry"],"_links":{"self":[{"href":"https:\/\/landeck-schule.de\/index.php?rest_route=\/wp\/v2\/pages\/2925","targetHints":{"allow":["GET"]}}],"collection":[{"href":"https:\/\/landeck-schule.de\/index.php?rest_route=\/wp\/v2\/pages"}],"about":[{"href":"https:\/\/landeck-schule.de\/index.php?rest_route=\/wp\/v2\/types\/page"}],"author":[{"embeddable":true,"href":"https:\/\/landeck-schule.de\/index.php?rest_route=\/wp\/v2\/users\/6"}],"replies":[{"embeddable":true,"href":"https:\/\/landeck-schule.de\/index.php?rest_route=%2Fwp%2Fv2%2Fcomments&post=2925"}],"version-history":[{"count":17,"href":"https:\/\/landeck-schule.de\/index.php?rest_route=\/wp\/v2\/pages\/2925\/revisions"}],"predecessor-version":[{"id":2947,"href":"https:\/\/landeck-schule.de\/index.php?rest_route=\/wp\/v2\/pages\/2925\/revisions\/2947"}],"wp:attachment":[{"href":"https:\/\/landeck-schule.de\/index.php?rest_route=%2Fwp%2Fv2%2Fmedia&parent=2925"}],"curies":[{"name":"wp","href":"https:\/\/api.w.org\/{rel}","templated":true}]}}