{"id":3545,"date":"2025-01-02T17:31:05","date_gmt":"2025-01-02T17:31:05","guid":{"rendered":"https:\/\/landeck-schule.de\/?page_id=3545"},"modified":"2025-01-06T07:37:24","modified_gmt":"2025-01-06T07:37:24","slug":"downloads-3-3","status":"publish","type":"page","link":"https:\/\/landeck-schule.de\/?page_id=3545","title":{"rendered":"Beschwerdekonzept"},"content":{"rendered":"\t\t<div data-elementor-type=\"wp-page\" data-elementor-id=\"3545\" class=\"elementor elementor-3545\">\n\t\t\t\t\t\t<section class=\"elementor-section elementor-top-section elementor-element elementor-element-b797e33 elementor-section-boxed elementor-section-height-default elementor-section-height-default\" data-id=\"b797e33\" data-element_type=\"section\" data-e-type=\"section\">\n\t\t\t\t\t\t<div class=\"elementor-container elementor-column-gap-default\">\n\t\t\t\t\t<div class=\"elementor-column elementor-col-100 elementor-top-column elementor-element elementor-element-d42d596\" data-id=\"d42d596\" data-element_type=\"column\" data-e-type=\"column\">\n\t\t\t<div class=\"elementor-widget-wrap elementor-element-populated\">\n\t\t\t\t\t\t<div class=\"elementor-element elementor-element-bd44524 elementor-widget elementor-widget-heading\" data-id=\"bd44524\" data-element_type=\"widget\" data-e-type=\"widget\" data-widget_type=\"heading.default\">\n\t\t\t\t<div class=\"elementor-widget-container\">\n\t\t\t\t\t<h5 class=\"elementor-heading-title elementor-size-default\">Beschwerdekonzept der Johann-Heinrich-von-Landeck-Grundschule<\/h5>\t\t\t\t<\/div>\n\t\t\t\t<\/div>\n\t\t\t\t<section class=\"elementor-section elementor-inner-section elementor-element elementor-element-f750773 elementor-section-boxed elementor-section-height-default elementor-section-height-default\" data-id=\"f750773\" data-element_type=\"section\" data-e-type=\"section\">\n\t\t\t\t\t\t<div class=\"elementor-container elementor-column-gap-default\">\n\t\t\t\t\t<div class=\"elementor-column elementor-col-100 elementor-inner-column elementor-element elementor-element-bf5a75b\" data-id=\"bf5a75b\" data-element_type=\"column\" data-e-type=\"column\">\n\t\t\t<div class=\"elementor-widget-wrap elementor-element-populated\">\n\t\t\t\t\t\t<div class=\"elementor-element elementor-element-21b798f elementor-widget elementor-widget-toggle\" data-id=\"21b798f\" data-element_type=\"widget\" data-e-type=\"widget\" data-widget_type=\"toggle.default\">\n\t\t\t\t<div class=\"elementor-widget-container\">\n\t\t\t\t\t\t\t<div class=\"elementor-toggle\">\n\t\t\t\t\t\t\t<div class=\"elementor-toggle-item\">\n\t\t\t\t\t<h2 id=\"elementor-tab-title-3531\" class=\"elementor-tab-title\" data-tab=\"1\" role=\"button\" aria-controls=\"elementor-tab-content-3531\" aria-expanded=\"false\">\n\t\t\t\t\t\t\t\t\t\t\t\t<span class=\"elementor-toggle-icon elementor-toggle-icon-left\" aria-hidden=\"true\">\n\t\t\t\t\t\t\t\t\t\t\t\t\t\t\t<span class=\"elementor-toggle-icon-closed\"><i class=\"fas fa-caret-right\"><\/i><\/span>\n\t\t\t\t\t\t\t\t<span class=\"elementor-toggle-icon-opened\"><i class=\"elementor-toggle-icon-opened fas fa-caret-up\"><\/i><\/span>\n\t\t\t\t\t\t\t\t\t\t\t\t\t<\/span>\n\t\t\t\t\t\t\t\t\t\t\t\t<a class=\"elementor-toggle-title\" tabindex=\"0\">Vorwort<\/a>\n\t\t\t\t\t<\/h2>\n\n\t\t\t\t\t<div id=\"elementor-tab-content-3531\" class=\"elementor-tab-content elementor-clearfix\" data-tab=\"1\" role=\"region\" aria-labelledby=\"elementor-tab-title-3531\"><h4 contenteditable=\"true\" data-elementor-setting-key=\"title\" data-pen-placeholder=\"Eingabe hier...\"><span style=\"color: #333333;\">Schule als Lebensraum<\/span><\/h4><div><p>Die Schule ist ein Lebensraum, in dem Menschen verschiedenen Alters, Interessen und Ansichten auf einander treffen. Getreu unserem Leitbild ist es uns wichtig, eine vertrauensvolle Basis zwischen allen Beteiligten an unserer Schule zu schaffen.<\/p><p>Jedoch bleibt es nicht aus, dass es mal zu Unstimmigkeiten und Unzufriedenheiten kommt. Konflikte geh\u00f6ren immer wieder zum Schulalltag dazu.<\/p><\/div><h4><strong>Beschwerden als Impulse<\/strong><\/h4><p>Beschwerden sind in der Regel unangenehm, m\u00fcssen aber ernst genommen werden und sollten als Gespr\u00e4chsanlass dienen. So unerfreulich sie zum Teil sein m\u00f6gen, sie enthalten oft Ansatzpunkte und Impulse f\u00fcr Ver\u00e4nderungen und k\u00f6nnen so auch einen positiven Effekt auf die schulische Weiterentwicklung haben. Entscheidend hierf\u00fcr ist der Umgang mit einer Beschwerde und den weiteren Handlungsschritten.<\/p><p>Das hier vorliegende Beschwerdekonzept setzt sich zum Ziel, einen f\u00fcr unser Schulklima f\u00f6rderlichen Umgang mit Beschwerden zu weisen und Wege f\u00fcr einen systematischen und zielorientierten Umgang mit Konflikten aufzuzeigen.<\/p><p>In jedem Beschwerdefall sollen konfliktl\u00f6sende Vereinbarungen angestrebt werden, bei denen es nicht um Sieger oder Verlierer geht. Vielmehr geht es darum, durch eine offene Kommunikation Vertrauen zu schaffen und Transparenz herzustellen.<\/p><h4>Kommunikation als Grundlage<\/h4><p>Oftmals werden Beschwerden pers\u00f6nlich, telefonisch oder schriftlich der Schulleitung, der Landesschulbeh\u00f6rde oder anderen \u00fcbergeordneten Organen vorgetragen. Selten wenden sich die Beschwerdef\u00fchrer direkt an die Beschwerdeadressaten, wodurch eine unangenehme Situation f\u00fcr die Adressaten entsteht, wenn die Beschwerde durch eine \u00fcbergeordnete Instanz vorgetragen wird.<\/p><p>H\u00e4ufig werden Zwischenschritte nicht eingehalten und die Schulleitung zu fr\u00fch in das Verfahren involviert, was einer verfr\u00fchten und teils nicht zielgerichteten Eskalation eines Konflikts entspricht.<\/p><h4>Grunds\u00e4tze als Wegweiser<\/h4><p>Damit Beschwerden Impulse geben k\u00f6nnen, m\u00fcssen sich alle Beteiligten an gewisse Regeln halten:<\/p><ol><li>Jede Beschwerde wird ernst genommen. Wir nehmen uns Zeit daf\u00fcr.<\/li><li>Beschwerden werden dort bearbeitet, wo sie auftreten. Zun\u00e4chst wird immer der Betroffene selbst \u00fcber die Beschwerde informiert. Wir reden miteinander, nicht \u00fcbereinander.<\/li><li>Beschwerden sollten immer m\u00fcndlich und direkt vorgetragen werden.<\/li><li>Alle Beteiligten achten beim Vorbringen auf eine angemessene Umgangsform und sachliche Formulierung.<\/li><li>Die Bearbeitung der Beschwerde und deren Probleml\u00f6sung erfolgt zeitnah.<\/li><li>Wird einer Instanz eine Beschwerde vorgetragen, f\u00fcr welche Sie nicht zust\u00e4ndig ist, verweist sie auf den g\u00fcltigen Verfahrensweg. Bei Verfahrensfragen steht die Schulleitung zur Verf\u00fcgung.<\/li><li>Beschwerden von Erziehungsberechtigten \u00fcber andere Erziehungsberechtigte z\u00e4hlen nicht in den Aufgabenbereich der Schule.<\/li><\/ol><h4>Unterst\u00fctzung als Empowerment<\/h4><p>Nicht allen f\u00e4llt es leicht mit einem Anliegen oder gar Kritik direkt auf die Adressaten zuzugehen. Manchmal bedarf es hier einer unterst\u00fctzenden Person, weshalb gilt:<\/p><p>Eltern k\u00f6nnen sich gegebenenfalls Unterst\u00fctzung durch die Klassenelternvorsitzenden, die Schulsozialarbeit oder auch den Elternbeirat holen.<\/p><p>Sch\u00fclerinnen und Sch\u00fcler k\u00f6nnen sich gegebenenfalls Unterst\u00fctzung durch die eigenen Eltern, Lehrkr\u00e4fte oder die Schulsozialarbeit holen.<\/p><\/div>\n\t\t\t\t<\/div>\n\t\t\t\t\t\t\t<div class=\"elementor-toggle-item\">\n\t\t\t\t\t<h2 id=\"elementor-tab-title-3532\" class=\"elementor-tab-title\" data-tab=\"2\" role=\"button\" aria-controls=\"elementor-tab-content-3532\" aria-expanded=\"false\">\n\t\t\t\t\t\t\t\t\t\t\t\t<span class=\"elementor-toggle-icon elementor-toggle-icon-left\" aria-hidden=\"true\">\n\t\t\t\t\t\t\t\t\t\t\t\t\t\t\t<span class=\"elementor-toggle-icon-closed\"><i class=\"fas fa-caret-right\"><\/i><\/span>\n\t\t\t\t\t\t\t\t<span class=\"elementor-toggle-icon-opened\"><i class=\"elementor-toggle-icon-opened fas fa-caret-up\"><\/i><\/span>\n\t\t\t\t\t\t\t\t\t\t\t\t\t<\/span>\n\t\t\t\t\t\t\t\t\t\t\t\t<a class=\"elementor-toggle-title\" tabindex=\"0\">Beschwerdewege f\u00fcr Sch\u00fclerinnen und Sch\u00fcler<\/a>\n\t\t\t\t\t<\/h2>\n\n\t\t\t\t\t<div id=\"elementor-tab-content-3532\" class=\"elementor-tab-content elementor-clearfix\" data-tab=\"2\" role=\"region\" aria-labelledby=\"elementor-tab-title-3532\"><p><a href=\"https:\/\/landeck-schule.de\/wp-content\/uploads\/2025\/01\/Schueler-mit-Pfeil.pdf\"><img fetchpriority=\"high\" decoding=\"async\" class=\"aligncenter wp-image-3107 size-full\" src=\"https:\/\/landeck-schule.de\/wp-content\/uploads\/2024\/09\/Schueler_1-1.jpg\" alt=\"\" width=\"1536\" height=\"1152\" srcset=\"https:\/\/landeck-schule.de\/wp-content\/uploads\/2024\/09\/Schueler_1-1.jpg 1536w, https:\/\/landeck-schule.de\/wp-content\/uploads\/2024\/09\/Schueler_1-1-300x225.jpg 300w, https:\/\/landeck-schule.de\/wp-content\/uploads\/2024\/09\/Schueler_1-1-1024x768.jpg 1024w, https:\/\/landeck-schule.de\/wp-content\/uploads\/2024\/09\/Schueler_1-1-768x576.jpg 768w\" sizes=\"(max-width: 1536px) 100vw, 1536px\" \/><\/a><\/p><p><img decoding=\"async\" class=\"aligncenter wp-image-3108 size-full\" src=\"https:\/\/landeck-schule.de\/wp-content\/uploads\/2024\/09\/Schueler_2-1.jpg\" alt=\"\" width=\"1536\" height=\"1152\" srcset=\"https:\/\/landeck-schule.de\/wp-content\/uploads\/2024\/09\/Schueler_2-1.jpg 1536w, https:\/\/landeck-schule.de\/wp-content\/uploads\/2024\/09\/Schueler_2-1-300x225.jpg 300w, https:\/\/landeck-schule.de\/wp-content\/uploads\/2024\/09\/Schueler_2-1-1024x768.jpg 1024w, https:\/\/landeck-schule.de\/wp-content\/uploads\/2024\/09\/Schueler_2-1-768x576.jpg 768w\" sizes=\"(max-width: 1536px) 100vw, 1536px\" \/><\/p><\/div>\n\t\t\t\t<\/div>\n\t\t\t\t\t\t\t<div class=\"elementor-toggle-item\">\n\t\t\t\t\t<h2 id=\"elementor-tab-title-3533\" class=\"elementor-tab-title\" data-tab=\"3\" role=\"button\" aria-controls=\"elementor-tab-content-3533\" aria-expanded=\"false\">\n\t\t\t\t\t\t\t\t\t\t\t\t<span class=\"elementor-toggle-icon elementor-toggle-icon-left\" aria-hidden=\"true\">\n\t\t\t\t\t\t\t\t\t\t\t\t\t\t\t<span class=\"elementor-toggle-icon-closed\"><i class=\"fas fa-caret-right\"><\/i><\/span>\n\t\t\t\t\t\t\t\t<span class=\"elementor-toggle-icon-opened\"><i class=\"elementor-toggle-icon-opened fas fa-caret-up\"><\/i><\/span>\n\t\t\t\t\t\t\t\t\t\t\t\t\t<\/span>\n\t\t\t\t\t\t\t\t\t\t\t\t<a class=\"elementor-toggle-title\" tabindex=\"0\">Beschwerdewege f\u00fcr Erziehungsberechtigte<\/a>\n\t\t\t\t\t<\/h2>\n\n\t\t\t\t\t<div id=\"elementor-tab-content-3533\" class=\"elementor-tab-content elementor-clearfix\" data-tab=\"3\" role=\"region\" aria-labelledby=\"elementor-tab-title-3533\"><p><img decoding=\"async\" class=\"aligncenter wp-image-3105 size-full\" src=\"https:\/\/landeck-schule.de\/wp-content\/uploads\/2024\/09\/Eltern_1-1.jpg\" alt=\"\" width=\"1536\" height=\"1152\" srcset=\"https:\/\/landeck-schule.de\/wp-content\/uploads\/2024\/09\/Eltern_1-1.jpg 1536w, https:\/\/landeck-schule.de\/wp-content\/uploads\/2024\/09\/Eltern_1-1-300x225.jpg 300w, https:\/\/landeck-schule.de\/wp-content\/uploads\/2024\/09\/Eltern_1-1-1024x768.jpg 1024w, https:\/\/landeck-schule.de\/wp-content\/uploads\/2024\/09\/Eltern_1-1-768x576.jpg 768w\" sizes=\"(max-width: 1536px) 100vw, 1536px\" \/><\/p><p><img loading=\"lazy\" decoding=\"async\" class=\"aligncenter wp-image-3106 size-full\" src=\"https:\/\/landeck-schule.de\/wp-content\/uploads\/2024\/09\/Eltern_2-1.jpg\" alt=\"\" width=\"1536\" height=\"1152\" srcset=\"https:\/\/landeck-schule.de\/wp-content\/uploads\/2024\/09\/Eltern_2-1.jpg 1536w, https:\/\/landeck-schule.de\/wp-content\/uploads\/2024\/09\/Eltern_2-1-300x225.jpg 300w, https:\/\/landeck-schule.de\/wp-content\/uploads\/2024\/09\/Eltern_2-1-1024x768.jpg 1024w, https:\/\/landeck-schule.de\/wp-content\/uploads\/2024\/09\/Eltern_2-1-768x576.jpg 768w\" sizes=\"(max-width: 1536px) 100vw, 1536px\" \/><\/p><\/div>\n\t\t\t\t<\/div>\n\t\t\t\t\t\t\t\t<\/div>\n\t\t\t\t\t\t<\/div>\n\t\t\t\t<\/div>\n\t\t\t\t\t<\/div>\n\t\t<\/div>\n\t\t\t\t\t<\/div>\n\t\t<\/section>\n\t\t\t\t\t<\/div>\n\t\t<\/div>\n\t\t\t\t\t<\/div>\n\t\t<\/section>\n\t\t\t\t<\/div>\n\t\t","protected":false},"excerpt":{"rendered":"<p>Beschwerdekonzept der Johann-Heinrich-von-Landeck-Grundschule Vorwort Schule als Lebensraum Die Schule ist ein Lebensraum, in dem Menschen verschiedenen Alters, Interessen und Ansichten auf einander treffen. Getreu unserem Leitbild ist es uns wichtig, [&hellip;]<\/p>\n","protected":false},"author":6,"featured_media":0,"parent":0,"menu_order":0,"comment_status":"closed","ping_status":"closed","template":"","meta":{"site-sidebar-layout":"no-sidebar","site-content-layout":"page-builder","ast-site-content-layout":"full-width-container","site-content-style":"unboxed","site-sidebar-style":"unboxed","ast-global-header-display":"","ast-banner-title-visibility":"","ast-main-header-display":"","ast-hfb-above-header-display":"","ast-hfb-below-header-display":"","ast-hfb-mobile-header-display":"","site-post-title":"disabled","ast-breadcrumbs-content":"","ast-featured-img":"disabled","footer-sml-layout":"","ast-disable-related-posts":"","theme-transparent-header-meta":"","adv-header-id-meta":"","stick-header-meta":"","header-above-stick-meta":"","header-main-stick-meta":"","header-below-stick-meta":"","astra-migrate-meta-layouts":"set","ast-page-background-enabled":"default","ast-page-background-meta":{"desktop":{"background-color":"var(--ast-global-color-4)","background-image":"","background-repeat":"repeat","background-position":"center center","background-size":"auto","background-attachment":"scroll","background-type":"","background-media":"","overlay-type":"","overlay-color":"","overlay-opacity":"","overlay-gradient":""},"tablet":{"background-color":"","background-image":"","background-repeat":"repeat","background-position":"center center","background-size":"auto","background-attachment":"scroll","background-type":"","background-media":"","overlay-type":"","overlay-color":"","overlay-opacity":"","overlay-gradient":""},"mobile":{"background-color":"","background-image":"","background-repeat":"repeat","background-position":"center center","background-size":"auto","background-attachment":"scroll","background-type":"","background-media":"","overlay-type":"","overlay-color":"","overlay-opacity":"","overlay-gradient":""}},"ast-content-background-meta":{"desktop":{"background-color":"var(--ast-global-color-5)","background-image":"","background-repeat":"repeat","background-position":"center center","background-size":"auto","background-attachment":"scroll","background-type":"","background-media":"","overlay-type":"","overlay-color":"","overlay-opacity":"","overlay-gradient":""},"tablet":{"background-color":"var(--ast-global-color-5)","background-image":"","background-repeat":"repeat","background-position":"center center","background-size":"auto","background-attachment":"scroll","background-type":"","background-media":"","overlay-type":"","overlay-color":"","overlay-opacity":"","overlay-gradient":""},"mobile":{"background-color":"var(--ast-global-color-5)","background-image":"","background-repeat":"repeat","background-position":"center center","background-size":"auto","background-attachment":"scroll","background-type":"","background-media":"","overlay-type":"","overlay-color":"","overlay-opacity":"","overlay-gradient":""}},"footnotes":""},"class_list":["post-3545","page","type-page","status-publish","hentry"],"_links":{"self":[{"href":"https:\/\/landeck-schule.de\/index.php?rest_route=\/wp\/v2\/pages\/3545","targetHints":{"allow":["GET"]}}],"collection":[{"href":"https:\/\/landeck-schule.de\/index.php?rest_route=\/wp\/v2\/pages"}],"about":[{"href":"https:\/\/landeck-schule.de\/index.php?rest_route=\/wp\/v2\/types\/page"}],"author":[{"embeddable":true,"href":"https:\/\/landeck-schule.de\/index.php?rest_route=\/wp\/v2\/users\/6"}],"replies":[{"embeddable":true,"href":"https:\/\/landeck-schule.de\/index.php?rest_route=%2Fwp%2Fv2%2Fcomments&post=3545"}],"version-history":[{"count":18,"href":"https:\/\/landeck-schule.de\/index.php?rest_route=\/wp\/v2\/pages\/3545\/revisions"}],"predecessor-version":[{"id":3591,"href":"https:\/\/landeck-schule.de\/index.php?rest_route=\/wp\/v2\/pages\/3545\/revisions\/3591"}],"wp:attachment":[{"href":"https:\/\/landeck-schule.de\/index.php?rest_route=%2Fwp%2Fv2%2Fmedia&parent=3545"}],"curies":[{"name":"wp","href":"https:\/\/api.w.org\/{rel}","templated":true}]}}