{"id":3586,"date":"2025-01-06T07:45:20","date_gmt":"2025-01-06T07:45:20","guid":{"rendered":"https:\/\/landeck-schule.de\/?page_id=3586"},"modified":"2025-10-15T14:09:32","modified_gmt":"2025-10-15T14:09:32","slug":"downloads-4-2","status":"publish","type":"page","link":"https:\/\/landeck-schule.de\/?page_id=3586","title":{"rendered":"Beratungslehrerin"},"content":{"rendered":"\t\t<div data-elementor-type=\"wp-page\" data-elementor-id=\"3586\" class=\"elementor elementor-3586\">\n\t\t\t\t\t\t<section class=\"elementor-section elementor-top-section elementor-element elementor-element-1a91f46 elementor-section-boxed elementor-section-height-default elementor-section-height-default\" data-id=\"1a91f46\" data-element_type=\"section\" data-e-type=\"section\">\n\t\t\t\t\t\t<div class=\"elementor-container elementor-column-gap-default\">\n\t\t\t\t\t<div class=\"elementor-column elementor-col-100 elementor-top-column elementor-element elementor-element-ab8c377\" data-id=\"ab8c377\" data-element_type=\"column\" data-e-type=\"column\">\n\t\t\t<div class=\"elementor-widget-wrap elementor-element-populated\">\n\t\t\t\t\t\t<section class=\"elementor-section elementor-inner-section elementor-element elementor-element-a5a021f elementor-section-boxed elementor-section-height-default elementor-section-height-default\" data-id=\"a5a021f\" data-element_type=\"section\" data-e-type=\"section\">\n\t\t\t\t\t\t<div class=\"elementor-container elementor-column-gap-default\">\n\t\t\t\t\t<div class=\"elementor-column elementor-col-100 elementor-inner-column elementor-element elementor-element-bc8aa8f\" data-id=\"bc8aa8f\" data-element_type=\"column\" data-e-type=\"column\">\n\t\t\t<div class=\"elementor-widget-wrap elementor-element-populated\">\n\t\t\t\t\t\t<div class=\"elementor-element elementor-element-17342a1 elementor-widget elementor-widget-heading\" data-id=\"17342a1\" data-element_type=\"widget\" data-e-type=\"widget\" data-widget_type=\"heading.default\">\n\t\t\t\t<div class=\"elementor-widget-container\">\n\t\t\t\t\t<h4 class=\"elementor-heading-title elementor-size-default\">Unsere Beratungslehrerin<\/h4>\t\t\t\t<\/div>\n\t\t\t\t<\/div>\n\t\t\t\t\t<\/div>\n\t\t<\/div>\n\t\t\t\t\t<\/div>\n\t\t<\/section>\n\t\t\t\t<section class=\"elementor-section elementor-inner-section elementor-element elementor-element-ad501f9 elementor-section-boxed elementor-section-height-default elementor-section-height-default\" data-id=\"ad501f9\" data-element_type=\"section\" data-e-type=\"section\">\n\t\t\t\t\t\t<div class=\"elementor-container elementor-column-gap-default\">\n\t\t\t\t\t<div class=\"elementor-column elementor-col-100 elementor-inner-column elementor-element elementor-element-8ed8695\" data-id=\"8ed8695\" data-element_type=\"column\" data-e-type=\"column\">\n\t\t\t<div class=\"elementor-widget-wrap elementor-element-populated\">\n\t\t\t\t\t\t<div class=\"elementor-element elementor-element-331fa74 ekit-equal-height-enable elementor-widget__width-auto elementor-widget-tablet__width-initial elementor-widget elementor-widget-elementskit-image-box\" data-id=\"331fa74\" data-element_type=\"widget\" data-e-type=\"widget\" data-widget_type=\"elementskit-image-box.default\">\n\t\t\t\t<div class=\"elementor-widget-container\">\n\t\t\t\t\t<div class=\"ekit-wid-con\" >\n            <div class=\"elementskit-info-image-box ekit-image-box text-center simple-card\" >\n\n                \n                <div class=\"elementskit-box-header image-box-img-center\">\n\n                    <img fetchpriority=\"high\" decoding=\"async\" width=\"214\" height=\"300\" src=\"https:\/\/landeck-schule.de\/wp-content\/uploads\/2024\/04\/4M144563P3280C20B-214x300.jpg\" class=\"attachment-medium size-medium wp-image-2631\" alt=\"\" srcset=\"https:\/\/landeck-schule.de\/wp-content\/uploads\/2024\/04\/4M144563P3280C20B-214x300.jpg 214w, https:\/\/landeck-schule.de\/wp-content\/uploads\/2024\/04\/4M144563P3280C20B-731x1024.jpg 731w, https:\/\/landeck-schule.de\/wp-content\/uploads\/2024\/04\/4M144563P3280C20B-768x1076.jpg 768w, https:\/\/landeck-schule.de\/wp-content\/uploads\/2024\/04\/4M144563P3280C20B-1096x1536.jpg 1096w, https:\/\/landeck-schule.de\/wp-content\/uploads\/2024\/04\/4M144563P3280C20B-1462x2048.jpg 1462w, https:\/\/landeck-schule.de\/wp-content\/uploads\/2024\/04\/4M144563P3280C20B-scaled.jpg 1827w\" sizes=\"(max-width: 214px) 100vw, 214px\" \/>\n                <\/div>\n                \n                <div class=\"elementskit-box-body ekit-image-box-body\">\n                    <div class=\"elementskit-box-content ekit-image-box-body-inner\">\n                                                <h3 class=\"elementskit-info-box-title\">\n\n                        Ellen Brunner\n                        \n                    <\/h3>\n                                                        <\/div>\n\n                            <\/div>\n            <\/div>\n    <\/div>\t\t\t\t<\/div>\n\t\t\t\t<\/div>\n\t\t\t\t\t<\/div>\n\t\t<\/div>\n\t\t\t\t\t<\/div>\n\t\t<\/section>\n\t\t\t\t<section class=\"elementor-section elementor-inner-section elementor-element elementor-element-097abbc elementor-section-boxed elementor-section-height-default elementor-section-height-default\" data-id=\"097abbc\" data-element_type=\"section\" data-e-type=\"section\">\n\t\t\t\t\t\t<div class=\"elementor-container elementor-column-gap-default\">\n\t\t\t\t\t<div class=\"elementor-column elementor-col-100 elementor-inner-column elementor-element elementor-element-2a6603d\" data-id=\"2a6603d\" data-element_type=\"column\" data-e-type=\"column\">\n\t\t\t<div class=\"elementor-widget-wrap elementor-element-populated\">\n\t\t\t\t\t\t<div class=\"elementor-element elementor-element-03aafc0 elementor-widget elementor-widget-text-editor\" data-id=\"03aafc0\" data-element_type=\"widget\" data-e-type=\"widget\" data-widget_type=\"text-editor.default\">\n\t\t\t\t<div class=\"elementor-widget-container\">\n\t\t\t\t\t\t\t\t\t<div class=\"elementor-element elementor-element-7c9810f elementor-widget elementor-widget-text-editor\" data-id=\"7c9810f\" data-element_type=\"widget\" data-widget_type=\"text-editor.default\">\n<div class=\"elementor-widget-container\">\n<p><em><strong>\u201eEs wird immer gleich ein wenig anders, wenn man es ausspricht.\u201c<\/strong>&nbsp;<\/em><\/p>\n<p><span style=\"font-weight: normal;\">(Michel de Montaigne)<\/span><\/p>\n<\/div>\n<\/div>\t\t\t\t\t\t\t\t<\/div>\n\t\t\t\t<\/div>\n\t\t\t\t<div class=\"elementor-element elementor-element-f113d03 elementor-widget elementor-widget-text-editor\" data-id=\"f113d03\" data-element_type=\"widget\" data-e-type=\"widget\" data-widget_type=\"text-editor.default\">\n\t\t\t\t<div class=\"elementor-widget-container\">\n\t\t\t\t\t\t\t\t\t<h2>Schulische Beratung<\/h2><p>Schulische Beratung kann zu jeder Zeit der Schullaufbahn notwendig werden. Es kann immer zu Momenten der Unsicherheit kommen, zu dem Wunsch nach Ver\u00e4nderung oder zu dem Bed\u00fcrfnis nach Unterst\u00fctzung.<\/p><p>Die Beratungslehrerin kann das Beratungsangebot der Schule in folgenden Punkten erg\u00e4nzen:<\/p><ul><li>Leistungsschw\u00e4chen oder -abfall im Unterricht<\/li><li>Lernschwierigkeiten<\/li><li>Problemen bei den Hausaufgaben<\/li><li>Motivations- und Konzentrationsprobleme<\/li><li>Verhaltensauff\u00e4lligkeiten<\/li><li>Sonstige Probleme in und mit der Schule<\/li><li>\u00dcbergang in die weiterf\u00fchrenden Schulen<\/li><li>Beratung beim \u00dcbergang an die weiterf\u00fchrenden Schulen<\/li><\/ul><p>Die schulische Beratung ist <strong>kostenfre<\/strong>i und <strong>freiwillig<\/strong>. Die Beratungssituation unterliegt der <strong>Schweigepflicht<\/strong>. Das bedeutet, dass die Beratungslehrerin nur auf Wunsch bzw. mit einer schriftlichen Einwilligung Informationen an Dritte weitergibt oder sich mit Dritten austauscht.<\/p><p>Jede Beratung verl\u00e4uft unterschiedlich. Das kann beispielsweise sein:<\/p><ul><li><span class=\"Apple-converted-space\">Ein einmaliges, kurzes Informationsgespr\u00e4ch<\/span><\/li><li>Mehrere Gespr\u00e4che in k\u00fcrzeren oder l\u00e4ngeren Abst\u00e4nden \u00fcber einen k\u00fcrzeren oder l\u00e4ngeren Zeitraum<\/li><li>Verschiedene Testverfahren, um genauere Informationen zu erhalten, z. B. \u00fcber Begabungen und St\u00e4rken<\/li><li>Br\u00fccke zu au\u00dferschulischen Beratungsstellen, Therapeuten\u2026<\/li><\/ul>\t\t\t\t\t\t\t\t<\/div>\n\t\t\t\t<\/div>\n\t\t\t\t\t<\/div>\n\t\t<\/div>\n\t\t\t\t\t<\/div>\n\t\t<\/section>\n\t\t\t\t<section class=\"elementor-section elementor-inner-section elementor-element elementor-element-e88de86 elementor-section-boxed elementor-section-height-default elementor-section-height-default\" data-id=\"e88de86\" data-element_type=\"section\" data-e-type=\"section\">\n\t\t\t\t\t\t<div class=\"elementor-container elementor-column-gap-default\">\n\t\t\t\t\t<div class=\"elementor-column elementor-col-100 elementor-inner-column elementor-element elementor-element-fd5d9f2\" data-id=\"fd5d9f2\" data-element_type=\"column\" data-e-type=\"column\">\n\t\t\t<div class=\"elementor-widget-wrap elementor-element-populated\">\n\t\t\t\t\t\t<div class=\"elementor-element elementor-element-fab0dba elementor-widget elementor-widget-text-editor\" data-id=\"fab0dba\" data-element_type=\"widget\" data-e-type=\"widget\" data-widget_type=\"text-editor.default\">\n\t\t\t\t<div class=\"elementor-widget-container\">\n\t\t\t\t\t\t\t\t\t<h4>Kontakt<\/h4><p>Sie erreichen die Beratungslehrerin \u00fcber das Sekretariat (07633\/92710), Sdui oder <strong>ellen.brunner@bw.schule<\/strong>.<\/p>\t\t\t\t\t\t\t\t<\/div>\n\t\t\t\t<\/div>\n\t\t\t\t\t<\/div>\n\t\t<\/div>\n\t\t\t\t\t<\/div>\n\t\t<\/section>\n\t\t\t\t<section class=\"elementor-section elementor-inner-section elementor-element elementor-element-bb63591 elementor-section-boxed elementor-section-height-default elementor-section-height-default\" data-id=\"bb63591\" data-element_type=\"section\" data-e-type=\"section\">\n\t\t\t\t\t\t<div class=\"elementor-container elementor-column-gap-default\">\n\t\t\t\t\t<div class=\"elementor-column elementor-col-100 elementor-inner-column elementor-element elementor-element-96eab24\" data-id=\"96eab24\" data-element_type=\"column\" data-e-type=\"column\">\n\t\t\t<div class=\"elementor-widget-wrap elementor-element-populated\">\n\t\t\t\t\t\t<div class=\"elementor-element elementor-element-79db34a elementor-widget elementor-widget-spacer\" data-id=\"79db34a\" data-element_type=\"widget\" data-e-type=\"widget\" data-widget_type=\"spacer.default\">\n\t\t\t\t<div class=\"elementor-widget-container\">\n\t\t\t\t\t\t\t<div class=\"elementor-spacer\">\n\t\t\t<div class=\"elementor-spacer-inner\"><\/div>\n\t\t<\/div>\n\t\t\t\t\t\t<\/div>\n\t\t\t\t<\/div>\n\t\t\t\t\t<\/div>\n\t\t<\/div>\n\t\t\t\t\t<\/div>\n\t\t<\/section>\n\t\t\t\t<section class=\"elementor-section elementor-inner-section elementor-element elementor-element-d7c6464 elementor-section-boxed elementor-section-height-default elementor-section-height-default\" data-id=\"d7c6464\" data-element_type=\"section\" data-e-type=\"section\">\n\t\t\t\t\t\t<div class=\"elementor-container elementor-column-gap-default\">\n\t\t\t\t\t<div class=\"elementor-column elementor-col-50 elementor-inner-column elementor-element elementor-element-5d814ea\" data-id=\"5d814ea\" data-element_type=\"column\" data-e-type=\"column\">\n\t\t\t<div class=\"elementor-widget-wrap\">\n\t\t\t\t\t\t\t<\/div>\n\t\t<\/div>\n\t\t\t\t<div class=\"elementor-column elementor-col-50 elementor-inner-column elementor-element elementor-element-a61ff94\" data-id=\"a61ff94\" data-element_type=\"column\" data-e-type=\"column\">\n\t\t\t<div class=\"elementor-widget-wrap elementor-element-populated\">\n\t\t\t\t\t\t<div class=\"elementor-element elementor-element-1e28da7 elementor-widget elementor-widget-text-editor\" data-id=\"1e28da7\" data-element_type=\"widget\" data-e-type=\"widget\" data-widget_type=\"text-editor.default\">\n\t\t\t\t<div class=\"elementor-widget-container\">\n\t\t\t\t\t\t\t\t\t<p>Manchmal wei\u00df man einfach nicht mehr weiter\u2026.<\/p><p>\u2026 dann hilft es vielleicht, wenn jemand zuh\u00f6rt.<\/p>\t\t\t\t\t\t\t\t<\/div>\n\t\t\t\t<\/div>\n\t\t\t\t\t<\/div>\n\t\t<\/div>\n\t\t\t\t\t<\/div>\n\t\t<\/section>\n\t\t\t\t\t<\/div>\n\t\t<\/div>\n\t\t\t\t\t<\/div>\n\t\t<\/section>\n\t\t\t\t<\/div>\n\t\t","protected":false},"excerpt":{"rendered":"<p>Unsere Beratungslehrerin Ellen Brunner \u201eEs wird immer gleich ein wenig anders, wenn man es ausspricht.\u201c&nbsp; (Michel de Montaigne) Schulische Beratung Schulische Beratung kann zu jeder Zeit der Schullaufbahn notwendig werden. [&hellip;]<\/p>\n","protected":false},"author":6,"featured_media":0,"parent":0,"menu_order":0,"comment_status":"closed","ping_status":"closed","template":"","meta":{"site-sidebar-layout":"no-sidebar","site-content-layout":"page-builder","ast-site-content-layout":"full-width-container","site-content-style":"unboxed","site-sidebar-style":"unboxed","ast-global-header-display":"","ast-banner-title-visibility":"","ast-main-header-display":"","ast-hfb-above-header-display":"","ast-hfb-below-header-display":"","ast-hfb-mobile-header-display":"","site-post-title":"disabled","ast-breadcrumbs-content":"","ast-featured-img":"disabled","footer-sml-layout":"","ast-disable-related-posts":"","theme-transparent-header-meta":"","adv-header-id-meta":"","stick-header-meta":"","header-above-stick-meta":"","header-main-stick-meta":"","header-below-stick-meta":"","astra-migrate-meta-layouts":"set","ast-page-background-enabled":"default","ast-page-background-meta":{"desktop":{"background-color":"var(--ast-global-color-4)","background-image":"","background-repeat":"repeat","background-position":"center center","background-size":"auto","background-attachment":"scroll","background-type":"","background-media":"","overlay-type":"","overlay-color":"","overlay-opacity":"","overlay-gradient":""},"tablet":{"background-color":"","background-image":"","background-repeat":"repeat","background-position":"center center","background-size":"auto","background-attachment":"scroll","background-type":"","background-media":"","overlay-type":"","overlay-color":"","overlay-opacity":"","overlay-gradient":""},"mobile":{"background-color":"","background-image":"","background-repeat":"repeat","background-position":"center center","background-size":"auto","background-attachment":"scroll","background-type":"","background-media":"","overlay-type":"","overlay-color":"","overlay-opacity":"","overlay-gradient":""}},"ast-content-background-meta":{"desktop":{"background-color":"var(--ast-global-color-5)","background-image":"","background-repeat":"repeat","background-position":"center center","background-size":"auto","background-attachment":"scroll","background-type":"","background-media":"","overlay-type":"","overlay-color":"","overlay-opacity":"","overlay-gradient":""},"tablet":{"background-color":"var(--ast-global-color-5)","background-image":"","background-repeat":"repeat","background-position":"center center","background-size":"auto","background-attachment":"scroll","background-type":"","background-media":"","overlay-type":"","overlay-color":"","overlay-opacity":"","overlay-gradient":""},"mobile":{"background-color":"var(--ast-global-color-5)","background-image":"","background-repeat":"repeat","background-position":"center center","background-size":"auto","background-attachment":"scroll","background-type":"","background-media":"","overlay-type":"","overlay-color":"","overlay-opacity":"","overlay-gradient":""}},"footnotes":""},"class_list":["post-3586","page","type-page","status-publish","hentry"],"_links":{"self":[{"href":"https:\/\/landeck-schule.de\/index.php?rest_route=\/wp\/v2\/pages\/3586","targetHints":{"allow":["GET"]}}],"collection":[{"href":"https:\/\/landeck-schule.de\/index.php?rest_route=\/wp\/v2\/pages"}],"about":[{"href":"https:\/\/landeck-schule.de\/index.php?rest_route=\/wp\/v2\/types\/page"}],"author":[{"embeddable":true,"href":"https:\/\/landeck-schule.de\/index.php?rest_route=\/wp\/v2\/users\/6"}],"replies":[{"embeddable":true,"href":"https:\/\/landeck-schule.de\/index.php?rest_route=%2Fwp%2Fv2%2Fcomments&post=3586"}],"version-history":[{"count":37,"href":"https:\/\/landeck-schule.de\/index.php?rest_route=\/wp\/v2\/pages\/3586\/revisions"}],"predecessor-version":[{"id":4707,"href":"https:\/\/landeck-schule.de\/index.php?rest_route=\/wp\/v2\/pages\/3586\/revisions\/4707"}],"wp:attachment":[{"href":"https:\/\/landeck-schule.de\/index.php?rest_route=%2Fwp%2Fv2%2Fmedia&parent=3586"}],"curies":[{"name":"wp","href":"https:\/\/api.w.org\/{rel}","templated":true}]}}