{"id":4125,"date":"2025-03-09T16:36:14","date_gmt":"2025-03-09T16:36:14","guid":{"rendered":"https:\/\/landeck-schule.de\/?page_id=4125"},"modified":"2025-03-11T15:55:07","modified_gmt":"2025-03-11T15:55:07","slug":"toepfer-ag","status":"publish","type":"page","link":"https:\/\/landeck-schule.de\/?page_id=4125","title":{"rendered":"T\u00f6pfer-AG"},"content":{"rendered":"\t\t<div data-elementor-type=\"wp-page\" data-elementor-id=\"4125\" class=\"elementor elementor-4125\">\n\t\t\t\t\t\t<section class=\"elementor-section elementor-top-section elementor-element elementor-element-32d6822 elementor-section-boxed elementor-section-height-default elementor-section-height-default\" data-id=\"32d6822\" data-element_type=\"section\" data-e-type=\"section\">\n\t\t\t\t\t\t<div class=\"elementor-container elementor-column-gap-default\">\n\t\t\t\t\t<div class=\"elementor-column elementor-col-100 elementor-top-column elementor-element elementor-element-62c9d69\" data-id=\"62c9d69\" data-element_type=\"column\" data-e-type=\"column\">\n\t\t\t<div class=\"elementor-widget-wrap elementor-element-populated\">\n\t\t\t\t\t\t<section class=\"elementor-section elementor-inner-section elementor-element elementor-element-af1472a elementor-section-boxed elementor-section-height-default elementor-section-height-default\" data-id=\"af1472a\" data-element_type=\"section\" data-e-type=\"section\">\n\t\t\t\t\t\t<div class=\"elementor-container elementor-column-gap-default\">\n\t\t\t\t\t<div class=\"elementor-column elementor-col-100 elementor-inner-column elementor-element elementor-element-b4edd31\" data-id=\"b4edd31\" data-element_type=\"column\" data-e-type=\"column\">\n\t\t\t<div class=\"elementor-widget-wrap elementor-element-populated\">\n\t\t\t\t\t\t<div class=\"elementor-element elementor-element-4bc1e42 elementor-widget elementor-widget-heading\" data-id=\"4bc1e42\" data-element_type=\"widget\" data-e-type=\"widget\" data-widget_type=\"heading.default\">\n\t\t\t\t<div class=\"elementor-widget-container\">\n\t\t\t\t\t<h4 class=\"elementor-heading-title elementor-size-default\">Unsere T\u00f6pfer-AG<\/h4>\t\t\t\t<\/div>\n\t\t\t\t<\/div>\n\t\t\t\t\t<\/div>\n\t\t<\/div>\n\t\t\t\t\t<\/div>\n\t\t<\/section>\n\t\t\t\t<section class=\"elementor-section elementor-inner-section elementor-element elementor-element-e0981d9 elementor-section-boxed elementor-section-height-default elementor-section-height-default\" data-id=\"e0981d9\" data-element_type=\"section\" data-e-type=\"section\">\n\t\t\t\t\t\t<div class=\"elementor-container elementor-column-gap-default\">\n\t\t\t\t\t<div class=\"elementor-column elementor-col-100 elementor-inner-column elementor-element elementor-element-6c4db3e\" data-id=\"6c4db3e\" data-element_type=\"column\" data-e-type=\"column\">\n\t\t\t<div class=\"elementor-widget-wrap elementor-element-populated\">\n\t\t\t\t\t\t<div class=\"elementor-element elementor-element-b04cb11 elementor-widget elementor-widget-text-editor\" data-id=\"b04cb11\" data-element_type=\"widget\" data-e-type=\"widget\" data-widget_type=\"text-editor.default\">\n\t\t\t\t<div class=\"elementor-widget-container\">\n\t\t\t\t\t\t\t\t\t<ul>\n<li><strong>Zeitpunkt der AG<\/strong>\n<ul>\n<li>Donnerstag: 14:30 \u2013 16:00 Uhr<\/li>\n<\/ul>\n<\/li>\n<li><strong>Leitung der AG<\/strong>\n<ul>\n<li>Frau Simone Holzwarth<\/li>\n<\/ul>\n<\/li>\n<li><strong>Weitere Infos zur AG<\/strong>\n<ul>\n<li>Ton ist ein wunderbar zu formendes Material mit einem hohen Aufforderungscharakter! Wer sich nicht scheut, die H\u00e4nde etwas schmutzig zu machen, ist hier herzlich willkommen. <br>Wir erkunden, was man alles aus Ton formen kann. Wie verh\u00e4lt es sich mit der Statik, wenn man beginnt, gr\u00f6\u00dfere oder feinere Gebilde zu erstellen? Wie l\u00e4sst sich dieses erdige Material durch unsere H\u00e4nde so bearbeiten, dass es verwandelt und leicht erscheint? Das Wunderbare an dem Arbeiten mit Ton ist, dass alle Elemente (Erde, Wasser, Luft, Feuer) im Entstehungsprozess beteiligt sind. Wir lernen, ganz offen mit unseren Sinnen zu sein, vor allem mit dem Tastsinn zu ersp\u00fcren, in welchem Stadium sich der Ton gerade befindet und welche Bearbeitung jeweils n\u00f6tig ist. Dabei bemerken wir, dass die H\u00e4nde ganz anders wahrnehmen, ja sogar noch genauer \u201esehen\u201c als das Auge! <br>Dabei entstehen n\u00fctzliche Objekte wie Tassen, Schalen, Vasen, Stifte- und Kerzenhalter und einfach \u201enur\u201c sch\u00f6ne Dinge wie B\u00fcsten, H\u00e4user, Tiere, Masken etc. Die Kinder lernen verschiedene Aufbautechniken, wie Daumendruck-, Platten- und Wulsttechnik kennen. Abh\u00e4ngig vom Thema besch\u00e4ftigen wir uns mit der Oberfl\u00e4chengestaltung und lernen unterschiedliche M\u00f6glichkeiten der Dekorgestaltung kennen, wie z.B. Pr\u00e4ge- und Ritztechnik sowie verschiedene M\u00f6glichkeiten der farbigen Gestaltung mit Engobe.<br>Im Verlauf der AG sammeln die Kinder ausreichend Erfahrung mit dem Material, so dass sie ermutigt werden, eigene Projekte selbst\u00e4ndig umzusetzen.<\/li>\n<\/ul>\n<\/li>\n<\/ul>\t\t\t\t\t\t\t\t<\/div>\n\t\t\t\t<\/div>\n\t\t\t\t\t<\/div>\n\t\t<\/div>\n\t\t\t\t\t<\/div>\n\t\t<\/section>\n\t\t\t\t\t<\/div>\n\t\t<\/div>\n\t\t\t\t\t<\/div>\n\t\t<\/section>\n\t\t\t\t<section class=\"elementor-section elementor-top-section elementor-element elementor-element-9e85bac elementor-section-boxed elementor-section-height-default elementor-section-height-default\" data-id=\"9e85bac\" data-element_type=\"section\" data-e-type=\"section\">\n\t\t\t\t\t\t<div class=\"elementor-container elementor-column-gap-default\">\n\t\t\t\t\t<div class=\"elementor-column elementor-col-100 elementor-top-column elementor-element elementor-element-649e992\" data-id=\"649e992\" data-element_type=\"column\" data-e-type=\"column\">\n\t\t\t<div class=\"elementor-widget-wrap elementor-element-populated\">\n\t\t\t\t\t\t<div class=\"elementor-element elementor-element-9214a30 elementor-widget elementor-widget-spacer\" data-id=\"9214a30\" data-element_type=\"widget\" data-e-type=\"widget\" data-widget_type=\"spacer.default\">\n\t\t\t\t<div class=\"elementor-widget-container\">\n\t\t\t\t\t\t\t<div class=\"elementor-spacer\">\n\t\t\t<div class=\"elementor-spacer-inner\"><\/div>\n\t\t<\/div>\n\t\t\t\t\t\t<\/div>\n\t\t\t\t<\/div>\n\t\t\t\t\t<\/div>\n\t\t<\/div>\n\t\t\t\t\t<\/div>\n\t\t<\/section>\n\t\t\t\t<\/div>\n\t\t","protected":false},"excerpt":{"rendered":"<p>Unsere T\u00f6pfer-AG Zeitpunkt der AG Donnerstag: 14:30 \u2013 16:00 Uhr Leitung der AG Frau Simone Holzwarth Weitere Infos zur AG Ton ist ein wunderbar zu formendes Material mit einem hohen [&hellip;]<\/p>\n","protected":false},"author":6,"featured_media":0,"parent":0,"menu_order":0,"comment_status":"closed","ping_status":"closed","template":"","meta":{"site-sidebar-layout":"no-sidebar","site-content-layout":"page-builder","ast-site-content-layout":"full-width-container","site-content-style":"unboxed","site-sidebar-style":"unboxed","ast-global-header-display":"","ast-banner-title-visibility":"","ast-main-header-display":"","ast-hfb-above-header-display":"","ast-hfb-below-header-display":"","ast-hfb-mobile-header-display":"","site-post-title":"disabled","ast-breadcrumbs-content":"","ast-featured-img":"disabled","footer-sml-layout":"","ast-disable-related-posts":"","theme-transparent-header-meta":"","adv-header-id-meta":"","stick-header-meta":"","header-above-stick-meta":"","header-main-stick-meta":"","header-below-stick-meta":"","astra-migrate-meta-layouts":"set","ast-page-background-enabled":"default","ast-page-background-meta":{"desktop":{"background-color":"var(--ast-global-color-4)","background-image":"","background-repeat":"repeat","background-position":"center center","background-size":"auto","background-attachment":"scroll","background-type":"","background-media":"","overlay-type":"","overlay-color":"","overlay-opacity":"","overlay-gradient":""},"tablet":{"background-color":"","background-image":"","background-repeat":"repeat","background-position":"center center","background-size":"auto","background-attachment":"scroll","background-type":"","background-media":"","overlay-type":"","overlay-color":"","overlay-opacity":"","overlay-gradient":""},"mobile":{"background-color":"","background-image":"","background-repeat":"repeat","background-position":"center center","background-size":"auto","background-attachment":"scroll","background-type":"","background-media":"","overlay-type":"","overlay-color":"","overlay-opacity":"","overlay-gradient":""}},"ast-content-background-meta":{"desktop":{"background-color":"var(--ast-global-color-5)","background-image":"","background-repeat":"repeat","background-position":"center center","background-size":"auto","background-attachment":"scroll","background-type":"","background-media":"","overlay-type":"","overlay-color":"","overlay-opacity":"","overlay-gradient":""},"tablet":{"background-color":"var(--ast-global-color-5)","background-image":"","background-repeat":"repeat","background-position":"center center","background-size":"auto","background-attachment":"scroll","background-type":"","background-media":"","overlay-type":"","overlay-color":"","overlay-opacity":"","overlay-gradient":""},"mobile":{"background-color":"var(--ast-global-color-5)","background-image":"","background-repeat":"repeat","background-position":"center center","background-size":"auto","background-attachment":"scroll","background-type":"","background-media":"","overlay-type":"","overlay-color":"","overlay-opacity":"","overlay-gradient":""}},"footnotes":""},"class_list":["post-4125","page","type-page","status-publish","hentry"],"_links":{"self":[{"href":"https:\/\/landeck-schule.de\/index.php?rest_route=\/wp\/v2\/pages\/4125","targetHints":{"allow":["GET"]}}],"collection":[{"href":"https:\/\/landeck-schule.de\/index.php?rest_route=\/wp\/v2\/pages"}],"about":[{"href":"https:\/\/landeck-schule.de\/index.php?rest_route=\/wp\/v2\/types\/page"}],"author":[{"embeddable":true,"href":"https:\/\/landeck-schule.de\/index.php?rest_route=\/wp\/v2\/users\/6"}],"replies":[{"embeddable":true,"href":"https:\/\/landeck-schule.de\/index.php?rest_route=%2Fwp%2Fv2%2Fcomments&post=4125"}],"version-history":[{"count":11,"href":"https:\/\/landeck-schule.de\/index.php?rest_route=\/wp\/v2\/pages\/4125\/revisions"}],"predecessor-version":[{"id":4166,"href":"https:\/\/landeck-schule.de\/index.php?rest_route=\/wp\/v2\/pages\/4125\/revisions\/4166"}],"wp:attachment":[{"href":"https:\/\/landeck-schule.de\/index.php?rest_route=%2Fwp%2Fv2%2Fmedia&parent=4125"}],"curies":[{"name":"wp","href":"https:\/\/api.w.org\/{rel}","templated":true}]}}

Töpfer-AG

<div data-elementor-type="wp-page" data-elementor-id="4125" class="elementor elementor-4125">
						<section class="elementor-section elementor-top-section elementor-element elementor-element-32d6822 elementor-section-boxed elementor-section-height-default elementor-section-height-default" data-id="32d6822" data-element_type="section" data-e-type="section">
						<div class="elementor-container elementor-column-gap-default">
					<div class="elementor-column elementor-col-100 elementor-top-column elementor-element elementor-element-62c9d69" data-id="62c9d69" data-element_type="column" data-e-type="column">
			<div class="elementor-widget-wrap elementor-element-populated">
						<section class="elementor-section elementor-inner-section elementor-element elementor-element-af1472a elementor-section-boxed elementor-section-height-default elementor-section-height-default" data-id="af1472a" data-element_type="section" data-e-type="section">
						<div class="elementor-container elementor-column-gap-default">
					<div class="elementor-column elementor-col-100 elementor-inner-column elementor-element elementor-element-b4edd31" data-id="b4edd31" data-element_type="column" data-e-type="column">
			<div class="elementor-widget-wrap elementor-element-populated">
						<div class="elementor-element elementor-element-4bc1e42 elementor-widget elementor-widget-heading" data-id="4bc1e42" data-element_type="widget" data-e-type="widget" data-widget_type="heading.default">
				<div class="elementor-widget-container">
					<h4 class="elementor-heading-title elementor-size-default">Unsere Töpfer-AG</h4>				</div>
				</div>
					</div>
		</div>
					</div>
		</section>
				<section class="elementor-section elementor-inner-section elementor-element elementor-element-e0981d9 elementor-section-boxed elementor-section-height-default elementor-section-height-default" data-id="e0981d9" data-element_type="section" data-e-type="section">
						<div class="elementor-container elementor-column-gap-default">
					<div class="elementor-column elementor-col-100 elementor-inner-column elementor-element elementor-element-6c4db3e" data-id="6c4db3e" data-element_type="column" data-e-type="column">
			<div class="elementor-widget-wrap elementor-element-populated">
						<div class="elementor-element elementor-element-b04cb11 elementor-widget elementor-widget-text-editor" data-id="b04cb11" data-element_type="widget" data-e-type="widget" data-widget_type="text-editor.default">
				<div class="elementor-widget-container">
									<ul>
<li><strong>Zeitpunkt der AG</strong>
<ul>
<li>Donnerstag: 14:30 – 16:00 Uhr</li>
</ul>
</li>
<li><strong>Leitung der AG</strong>
<ul>
<li>Frau Simone Holzwarth</li>
</ul>
</li>
<li><strong>Weitere Infos zur AG</strong>
<ul>
<li>Ton ist ein wunderbar zu formendes Material mit einem hohen Aufforderungscharakter! Wer sich nicht scheut, die Hände etwas schmutzig zu machen, ist hier herzlich willkommen. <br>Wir erkunden, was man alles aus Ton formen kann. Wie verhält es sich mit der Statik, wenn man beginnt, größere oder feinere Gebilde zu erstellen? Wie lässt sich dieses erdige Material durch unsere Hände so bearbeiten, dass es verwandelt und leicht erscheint? Das Wunderbare an dem Arbeiten mit Ton ist, dass alle Elemente (Erde, Wasser, Luft, Feuer) im Entstehungsprozess beteiligt sind. Wir lernen, ganz offen mit unseren Sinnen zu sein, vor allem mit dem Tastsinn zu erspüren, in welchem Stadium sich der Ton gerade befindet und welche Bearbeitung jeweils nötig ist. Dabei bemerken wir, dass die Hände ganz anders wahrnehmen, ja sogar noch genauer „sehen“ als das Auge! <br>Dabei entstehen nützliche Objekte wie Tassen, Schalen, Vasen, Stifte- und Kerzenhalter und einfach „nur“ schöne Dinge wie Büsten, Häuser, Tiere, Masken etc. Die Kinder lernen verschiedene Aufbautechniken, wie Daumendruck-, Platten- und Wulsttechnik kennen. Abhängig vom Thema beschäftigen wir uns mit der Oberflächengestaltung und lernen unterschiedliche Möglichkeiten der Dekorgestaltung kennen, wie z.B. Präge- und Ritztechnik sowie verschiedene Möglichkeiten der farbigen Gestaltung mit Engobe.<br>Im Verlauf der AG sammeln die Kinder ausreichend Erfahrung mit dem Material, so dass sie ermutigt werden, eigene Projekte selbständig umzusetzen.</li>
</ul>
</li>
</ul>								</div>
				</div>
					</div>
		</div>
					</div>
		</section>
					</div>
		</div>
					</div>
		</section>
				<section class="elementor-section elementor-top-section elementor-element elementor-element-9e85bac elementor-section-boxed elementor-section-height-default elementor-section-height-default" data-id="9e85bac" data-element_type="section" data-e-type="section">
						<div class="elementor-container elementor-column-gap-default">
					<div class="elementor-column elementor-col-100 elementor-top-column elementor-element elementor-element-649e992" data-id="649e992" data-element_type="column" data-e-type="column">
			<div class="elementor-widget-wrap elementor-element-populated">
						<div class="elementor-element elementor-element-9214a30 elementor-widget elementor-widget-spacer" data-id="9214a30" data-element_type="widget" data-e-type="widget" data-widget_type="spacer.default">
				<div class="elementor-widget-container">
							<div class="elementor-spacer">
			<div class="elementor-spacer-inner"></div>
		</div>
						</div>
				</div>
					</div>
		</div>
					</div>
		</section>
				</div>

<p>Unsere Töpfer-AG Zeitpunkt der AG Donnerstag: 14:30 – 16:00 Uhr Leitung der AG Frau Simone Holzwarth Weitere Infos zur AG Ton ist ein wunderbar zu formendes Material mit einem hohen [&hellip;]</p>
