{"id":4230,"date":"2025-03-12T16:25:06","date_gmt":"2025-03-12T16:25:06","guid":{"rendered":"https:\/\/landeck-schule.de\/?page_id=4230"},"modified":"2025-09-17T17:53:33","modified_gmt":"2025-09-17T17:53:33","slug":"blaeserklassen-ag","status":"publish","type":"page","link":"https:\/\/landeck-schule.de\/?page_id=4230","title":{"rendered":"Bl\u00e4serklassen-AG"},"content":{"rendered":"\t\t<div data-elementor-type=\"wp-page\" data-elementor-id=\"4230\" class=\"elementor elementor-4230\">\n\t\t\t\t\t\t<section class=\"elementor-section elementor-top-section elementor-element elementor-element-32d6822 elementor-section-boxed elementor-section-height-default elementor-section-height-default\" data-id=\"32d6822\" data-element_type=\"section\" data-e-type=\"section\">\n\t\t\t\t\t\t<div class=\"elementor-container elementor-column-gap-default\">\n\t\t\t\t\t<div class=\"elementor-column elementor-col-100 elementor-top-column elementor-element elementor-element-62c9d69\" data-id=\"62c9d69\" data-element_type=\"column\" data-e-type=\"column\">\n\t\t\t<div class=\"elementor-widget-wrap elementor-element-populated\">\n\t\t\t\t\t\t<section class=\"elementor-section elementor-inner-section elementor-element elementor-element-af1472a elementor-section-boxed elementor-section-height-default elementor-section-height-default\" data-id=\"af1472a\" data-element_type=\"section\" data-e-type=\"section\">\n\t\t\t\t\t\t<div class=\"elementor-container elementor-column-gap-default\">\n\t\t\t\t\t<div class=\"elementor-column elementor-col-100 elementor-inner-column elementor-element elementor-element-b4edd31\" data-id=\"b4edd31\" data-element_type=\"column\" data-e-type=\"column\">\n\t\t\t<div class=\"elementor-widget-wrap elementor-element-populated\">\n\t\t\t\t\t\t<div class=\"elementor-element elementor-element-4bc1e42 elementor-widget elementor-widget-heading\" data-id=\"4bc1e42\" data-element_type=\"widget\" data-e-type=\"widget\" data-widget_type=\"heading.default\">\n\t\t\t\t<div class=\"elementor-widget-container\">\n\t\t\t\t\t<h4 class=\"elementor-heading-title elementor-size-default\">Unsere Bl\u00e4serklassen<\/h4>\t\t\t\t<\/div>\n\t\t\t\t<\/div>\n\t\t\t\t\t<\/div>\n\t\t<\/div>\n\t\t\t\t\t<\/div>\n\t\t<\/section>\n\t\t\t\t<section class=\"elementor-section elementor-inner-section elementor-element elementor-element-e0981d9 elementor-section-boxed elementor-section-height-default elementor-section-height-default\" data-id=\"e0981d9\" data-element_type=\"section\" data-e-type=\"section\">\n\t\t\t\t\t\t<div class=\"elementor-container elementor-column-gap-default\">\n\t\t\t\t\t<div class=\"elementor-column elementor-col-100 elementor-inner-column elementor-element elementor-element-6c4db3e\" data-id=\"6c4db3e\" data-element_type=\"column\" data-e-type=\"column\">\n\t\t\t<div class=\"elementor-widget-wrap elementor-element-populated\">\n\t\t\t\t\t\t<div class=\"elementor-element elementor-element-b04cb11 elementor-widget elementor-widget-text-editor\" data-id=\"b04cb11\" data-element_type=\"widget\" data-e-type=\"widget\" data-widget_type=\"text-editor.default\">\n\t\t\t\t<div class=\"elementor-widget-container\">\n\t\t\t\t\t\t\t\t\t<h5>Klasse 3<\/h5>\n<ul>\n<li><strong>Zeitpunkte der AG<\/strong>\n<ul>\n<li>Mittwoch: 07:45 \u2013 08:30 Uhr<\/li>\n<\/ul>\n<\/li>\n<li><strong style=\"font-style: inherit; color: var( --e-global-color-text ); font-family: var( --e-global-typography-text-font-family ), Sans-serif; background-color: var(--ast-global-color-5);\">Leitung der AG<\/strong>\n<ul>\n<li>Herr Rombach<\/li>\n<\/ul>\n<\/li>\n<\/ul>\n<div>\n<h5>Klasse 4<\/h5>\n<ul>\n<li><strong>Zeitpunkte der AG<\/strong><ul>\n<li>Freitag: 7:45 &#8211; 8:30 Uhr<\/li>\n<\/ul>\n<\/li>\n<li><strong style=\"font-style: inherit; color: var( --e-global-color-text ); font-family: var( --e-global-typography-text-font-family ), Sans-serif; background-color: var(--ast-global-color-5);\">Leitung der AG<\/strong>\n<ul>\n<li>Frau Freund<\/li>\n<\/ul>\n<\/li>\n<\/ul>\n<h5><strong>Weitere Infos zur AG<\/strong><\/h5>\n<ul>\n<li>\n<p>Seit \u00fcber 15 Jahren bildet die Johann-Heinrich-von-Landeck-Schule in Kooperation mit der Musikschule S\u00fcdlicher Breisgau zu Beginn der Klasse 3 eine Bl\u00e4serklasse. Diese wird zus\u00e4tzlich zum 2-st\u00fcndigen Musikunterricht als Arbeitsgemeinschaft gef\u00fchrt.<\/p>\n<p>In Klasse 2 werden die Instrumente Querfl\u00f6te, Klarinette, Trompete, Saxophon, Tenorhorn, Posaune, Horn und das Schlagzeug allen Kindern vorgestellt. An einem Projektvormittag d\u00fcrfen alle interessierten Kinder die Instrumente bei Musiklehrern und Musiklehrerinnen der Musikschule S\u00fcdlicher Breisgau ausprobieren und kennenlernen.<\/p>\n<p>In Klasse 3 d\u00fcrfen dann bis zu 30 Kinder an der Arbeitsgemeinschaft Bl\u00e4serklasse teilnehmen, welche 2-st\u00fcndig von einer ausgebildeten Lehrperson unterrichtet wird. Parallel zum Ensemble-Unterricht bekommt jedes Kind 1 Mal pro Woche Einzelunterricht bei Musiklehrern und Musiklehrerinnen.<\/p>\n<p>Das Ensemble der Bl\u00e4serklasse ist ein fester Bestandteil des kulturellen Schullebens der Schule und gestaltet Schulkonzerte, Adventsfeiern und Konzerte mit.<\/p>\n<\/li>\n<\/ul>\n<\/div>\t\t\t\t\t\t\t\t<\/div>\n\t\t\t\t<\/div>\n\t\t\t\t\t<\/div>\n\t\t<\/div>\n\t\t\t\t\t<\/div>\n\t\t<\/section>\n\t\t\t\t\t<\/div>\n\t\t<\/div>\n\t\t\t\t\t<\/div>\n\t\t<\/section>\n\t\t\t\t<section class=\"elementor-section elementor-top-section elementor-element elementor-element-9e85bac elementor-section-boxed elementor-section-height-default elementor-section-height-default\" data-id=\"9e85bac\" data-element_type=\"section\" data-e-type=\"section\">\n\t\t\t\t\t\t<div class=\"elementor-container elementor-column-gap-default\">\n\t\t\t\t\t<div class=\"elementor-column elementor-col-100 elementor-top-column elementor-element elementor-element-649e992\" data-id=\"649e992\" data-element_type=\"column\" data-e-type=\"column\">\n\t\t\t<div class=\"elementor-widget-wrap elementor-element-populated\">\n\t\t\t\t\t\t<div class=\"elementor-element elementor-element-9214a30 elementor-widget elementor-widget-spacer\" data-id=\"9214a30\" data-element_type=\"widget\" data-e-type=\"widget\" data-widget_type=\"spacer.default\">\n\t\t\t\t<div class=\"elementor-widget-container\">\n\t\t\t\t\t\t\t<div class=\"elementor-spacer\">\n\t\t\t<div class=\"elementor-spacer-inner\"><\/div>\n\t\t<\/div>\n\t\t\t\t\t\t<\/div>\n\t\t\t\t<\/div>\n\t\t\t\t\t<\/div>\n\t\t<\/div>\n\t\t\t\t\t<\/div>\n\t\t<\/section>\n\t\t\t\t<\/div>\n\t\t","protected":false},"excerpt":{"rendered":"<p>Unsere Bl\u00e4serklassen Klasse 3 Zeitpunkte der AG Mittwoch: 07:45 \u2013 08:30 Uhr Leitung der AG Herr Rombach Klasse 4 Zeitpunkte der AG Freitag: 7:45 &#8211; 8:30 Uhr Leitung der AG [&hellip;]<\/p>\n","protected":false},"author":6,"featured_media":0,"parent":0,"menu_order":0,"comment_status":"closed","ping_status":"closed","template":"","meta":{"site-sidebar-layout":"no-sidebar","site-content-layout":"page-builder","ast-site-content-layout":"full-width-container","site-content-style":"unboxed","site-sidebar-style":"unboxed","ast-global-header-display":"","ast-banner-title-visibility":"","ast-main-header-display":"","ast-hfb-above-header-display":"","ast-hfb-below-header-display":"","ast-hfb-mobile-header-display":"","site-post-title":"disabled","ast-breadcrumbs-content":"","ast-featured-img":"disabled","footer-sml-layout":"","ast-disable-related-posts":"","theme-transparent-header-meta":"","adv-header-id-meta":"","stick-header-meta":"","header-above-stick-meta":"","header-main-stick-meta":"","header-below-stick-meta":"","astra-migrate-meta-layouts":"set","ast-page-background-enabled":"default","ast-page-background-meta":{"desktop":{"background-color":"var(--ast-global-color-4)","background-image":"","background-repeat":"repeat","background-position":"center center","background-size":"auto","background-attachment":"scroll","background-type":"","background-media":"","overlay-type":"","overlay-color":"","overlay-opacity":"","overlay-gradient":""},"tablet":{"background-color":"","background-image":"","background-repeat":"repeat","background-position":"center center","background-size":"auto","background-attachment":"scroll","background-type":"","background-media":"","overlay-type":"","overlay-color":"","overlay-opacity":"","overlay-gradient":""},"mobile":{"background-color":"","background-image":"","background-repeat":"repeat","background-position":"center center","background-size":"auto","background-attachment":"scroll","background-type":"","background-media":"","overlay-type":"","overlay-color":"","overlay-opacity":"","overlay-gradient":""}},"ast-content-background-meta":{"desktop":{"background-color":"var(--ast-global-color-5)","background-image":"","background-repeat":"repeat","background-position":"center center","background-size":"auto","background-attachment":"scroll","background-type":"","background-media":"","overlay-type":"","overlay-color":"","overlay-opacity":"","overlay-gradient":""},"tablet":{"background-color":"var(--ast-global-color-5)","background-image":"","background-repeat":"repeat","background-position":"center center","background-size":"auto","background-attachment":"scroll","background-type":"","background-media":"","overlay-type":"","overlay-color":"","overlay-opacity":"","overlay-gradient":""},"mobile":{"background-color":"var(--ast-global-color-5)","background-image":"","background-repeat":"repeat","background-position":"center center","background-size":"auto","background-attachment":"scroll","background-type":"","background-media":"","overlay-type":"","overlay-color":"","overlay-opacity":"","overlay-gradient":""}},"footnotes":""},"class_list":["post-4230","page","type-page","status-publish","hentry"],"_links":{"self":[{"href":"https:\/\/landeck-schule.de\/index.php?rest_route=\/wp\/v2\/pages\/4230","targetHints":{"allow":["GET"]}}],"collection":[{"href":"https:\/\/landeck-schule.de\/index.php?rest_route=\/wp\/v2\/pages"}],"about":[{"href":"https:\/\/landeck-schule.de\/index.php?rest_route=\/wp\/v2\/types\/page"}],"author":[{"embeddable":true,"href":"https:\/\/landeck-schule.de\/index.php?rest_route=\/wp\/v2\/users\/6"}],"replies":[{"embeddable":true,"href":"https:\/\/landeck-schule.de\/index.php?rest_route=%2Fwp%2Fv2%2Fcomments&post=4230"}],"version-history":[{"count":10,"href":"https:\/\/landeck-schule.de\/index.php?rest_route=\/wp\/v2\/pages\/4230\/revisions"}],"predecessor-version":[{"id":4586,"href":"https:\/\/landeck-schule.de\/index.php?rest_route=\/wp\/v2\/pages\/4230\/revisions\/4586"}],"wp:attachment":[{"href":"https:\/\/landeck-schule.de\/index.php?rest_route=%2Fwp%2Fv2%2Fmedia&parent=4230"}],"curies":[{"name":"wp","href":"https:\/\/api.w.org\/{rel}","templated":true}]}}

Bläserklassen-AG

<div data-elementor-type="wp-page" data-elementor-id="4230" class="elementor elementor-4230">
						<section class="elementor-section elementor-top-section elementor-element elementor-element-32d6822 elementor-section-boxed elementor-section-height-default elementor-section-height-default" data-id="32d6822" data-element_type="section" data-e-type="section">
						<div class="elementor-container elementor-column-gap-default">
					<div class="elementor-column elementor-col-100 elementor-top-column elementor-element elementor-element-62c9d69" data-id="62c9d69" data-element_type="column" data-e-type="column">
			<div class="elementor-widget-wrap elementor-element-populated">
						<section class="elementor-section elementor-inner-section elementor-element elementor-element-af1472a elementor-section-boxed elementor-section-height-default elementor-section-height-default" data-id="af1472a" data-element_type="section" data-e-type="section">
						<div class="elementor-container elementor-column-gap-default">
					<div class="elementor-column elementor-col-100 elementor-inner-column elementor-element elementor-element-b4edd31" data-id="b4edd31" data-element_type="column" data-e-type="column">
			<div class="elementor-widget-wrap elementor-element-populated">
						<div class="elementor-element elementor-element-4bc1e42 elementor-widget elementor-widget-heading" data-id="4bc1e42" data-element_type="widget" data-e-type="widget" data-widget_type="heading.default">
				<div class="elementor-widget-container">
					<h4 class="elementor-heading-title elementor-size-default">Unsere Bläserklassen</h4>				</div>
				</div>
					</div>
		</div>
					</div>
		</section>
				<section class="elementor-section elementor-inner-section elementor-element elementor-element-e0981d9 elementor-section-boxed elementor-section-height-default elementor-section-height-default" data-id="e0981d9" data-element_type="section" data-e-type="section">
						<div class="elementor-container elementor-column-gap-default">
					<div class="elementor-column elementor-col-100 elementor-inner-column elementor-element elementor-element-6c4db3e" data-id="6c4db3e" data-element_type="column" data-e-type="column">
			<div class="elementor-widget-wrap elementor-element-populated">
						<div class="elementor-element elementor-element-b04cb11 elementor-widget elementor-widget-text-editor" data-id="b04cb11" data-element_type="widget" data-e-type="widget" data-widget_type="text-editor.default">
				<div class="elementor-widget-container">
									<h5>Klasse 3</h5>
<ul>
<li><strong>Zeitpunkte der AG</strong>
<ul>
<li>Mittwoch: 07:45 – 08:30 Uhr</li>
</ul>
</li>
<li><strong style="font-style: inherit; color: var( --e-global-color-text ); font-family: var( --e-global-typography-text-font-family ), Sans-serif; background-color: var(--ast-global-color-5);">Leitung der AG</strong>
<ul>
<li>Herr Rombach</li>
</ul>
</li>
</ul>
<div>
<h5>Klasse 4</h5>
<ul>
<li><strong>Zeitpunkte der AG</strong><ul>
<li>Freitag: 7:45 &#8211; 8:30 Uhr</li>
</ul>
</li>
<li><strong style="font-style: inherit; color: var( --e-global-color-text ); font-family: var( --e-global-typography-text-font-family ), Sans-serif; background-color: var(--ast-global-color-5);">Leitung der AG</strong>
<ul>
<li>Frau Freund</li>
</ul>
</li>
</ul>
<h5><strong>Weitere Infos zur AG</strong></h5>
<ul>
<li>
<p>Seit über 15 Jahren bildet die Johann-Heinrich-von-Landeck-Schule in Kooperation mit der Musikschule Südlicher Breisgau zu Beginn der Klasse 3 eine Bläserklasse. Diese wird zusätzlich zum 2-stündigen Musikunterricht als Arbeitsgemeinschaft geführt.</p>
<p>In Klasse 2 werden die Instrumente Querflöte, Klarinette, Trompete, Saxophon, Tenorhorn, Posaune, Horn und das Schlagzeug allen Kindern vorgestellt. An einem Projektvormittag dürfen alle interessierten Kinder die Instrumente bei Musiklehrern und Musiklehrerinnen der Musikschule Südlicher Breisgau ausprobieren und kennenlernen.</p>
<p>In Klasse 3 dürfen dann bis zu 30 Kinder an der Arbeitsgemeinschaft Bläserklasse teilnehmen, welche 2-stündig von einer ausgebildeten Lehrperson unterrichtet wird. Parallel zum Ensemble-Unterricht bekommt jedes Kind 1 Mal pro Woche Einzelunterricht bei Musiklehrern und Musiklehrerinnen.</p>
<p>Das Ensemble der Bläserklasse ist ein fester Bestandteil des kulturellen Schullebens der Schule und gestaltet Schulkonzerte, Adventsfeiern und Konzerte mit.</p>
</li>
</ul>
</div>								</div>
				</div>
					</div>
		</div>
					</div>
		</section>
					</div>
		</div>
					</div>
		</section>
				<section class="elementor-section elementor-top-section elementor-element elementor-element-9e85bac elementor-section-boxed elementor-section-height-default elementor-section-height-default" data-id="9e85bac" data-element_type="section" data-e-type="section">
						<div class="elementor-container elementor-column-gap-default">
					<div class="elementor-column elementor-col-100 elementor-top-column elementor-element elementor-element-649e992" data-id="649e992" data-element_type="column" data-e-type="column">
			<div class="elementor-widget-wrap elementor-element-populated">
						<div class="elementor-element elementor-element-9214a30 elementor-widget elementor-widget-spacer" data-id="9214a30" data-element_type="widget" data-e-type="widget" data-widget_type="spacer.default">
				<div class="elementor-widget-container">
							<div class="elementor-spacer">
			<div class="elementor-spacer-inner"></div>
		</div>
						</div>
				</div>
					</div>
		</div>
					</div>
		</section>
				</div>

<p>Unsere Bläserklassen Klasse 3 Zeitpunkte der AG Mittwoch: 07:45 – 08:30 Uhr Leitung der AG Herr Rombach Klasse 4 Zeitpunkte der AG Freitag: 7:45 &#8211; 8:30 Uhr Leitung der AG [&hellip;]</p>
